 Let t be 2/7 + p/35. Let f(i) = 12*i - t*i - i**3 - 4*i**2 - 4*i. Calculate f(-4).
8
Let p(o) = o**3 + 6*o**2 + 6*o. Suppose -4*s = -5*l - 110, 5*s = -l + 2*l + 127. Suppose 27*c - s = 32*c. Give p(c).
-5
Let c be 101 - (3 + -1) - -4. Suppose -z - 3*a = -2*a - 5, 0 = 2*z + a - 6. Let x(j) = z - 50*j - 51*j + c*j. Calculate x(-2).
-3
Let i(w) = 2*w + 17. Let f(g) = 10*g**2 - 36*g + 27. Let b(u) = -5*u**2 + 18*u - 12. Let p(r) = 5*b(r) + 2*f(r). Let n be p(4). Give i(n).
-11
Let r(d) = 15*d + 333. Suppose 0 = 5*t - 2*w + 108, -3*t = -3*w + 34 + 29. Calculate r(t).
3
Let p(k) = k**3 - 3*k**2 + 1 - k**2 + 9 - 13 - 299*k + 300*k. Let w = 11 + -7. What is p(w)?
1
Let o(v) be the second derivative of v**5/20 + v**4 + v**3/2 + 5*v**2/2 - v. Suppose 5*c = 85, 31 = -69*z + 32*z + 33*z - c. Calculate o(z).
-31
Let j(r) be the third derivative of r**5/60 - 5*r**4/24 - 3*r**3 + r**2. Let v = 5686 + -5678. What is j(v)?
6
Let j(m) be the second derivative of -m**3/6 - 3*m**2/2 + 1842*m - 15. Let c = 1 - 8. Give j(c).
4
Let s(q) = q**3 - q**2 - 11*q + 12. Let v be s(4). Suppose 0*z + v*z + 16 = 0. Let u(b) = 3 + 7*b - 3. What is u(z)?
-7
Let n(u) = u**2 - 4*u - 2. Suppose 21*t - 25*t - 12 = 0, 0 = o + 3*t + 12. Give n(o).
19
Let n(t) = t + 8. Let q(v) = 1. Suppose -2*y = 4 + 6. Let b(s) = y*q(s) + n(s). Let r = -2 + -4. Determine b(r).
-3
Let l = 555 + -561. Let n(r) be the second derivative of -r**5/20 - 7*r**4/12 - r**3 - 9*r**2/2 + r + 38. Give n(l).
-9
Let r(h) be the second derivative of -172*h + 1/12*h**4 + 7/2*h**2 + 0 - 4/3*h**3. Determine r(6).
-5
Let i(j) be the first derivative of 2 + 0*j**2 - 1/6*j**3 + 1/12*j**4 - 20*j. Let v(a) be the first derivative of i(a). Calculate v(1).
0
Let n(a) = 434 + 10*a - 861 + 425. Let j = 54 - 52. Give n(j).
18
Suppose -2*m = -k + 34 - 24, 4*m = -3*k. Let j(h) = -23*h + 3. Let p(g) = 30*g - 3. Let x(d) = k*j(d) + 3*p(d). Calculate x(-2).
7
Let q(d) = -25*d + 58. Let a be q(2). Suppose -182 = a*n + 18*n. Let l(k) = -k**2 - 5*k + 10. What is l(n)?
-4
Let q(m) = 44 - 13*m**2 - 32 + m**3 - 8*m + 33*m - 10*m. Determine q(11).
-65
Let r = 2619 + -2624. Let f(o) = -2 - o**2 - 5*o**2 + 5*o - o**3 + 8. What is f(r)?
-44
Let z(k) be the second derivative of -k**5/20 - k**4/12 - 5*k**3/3 + 10*k**2 - 5395*k. Determine z(2).
-12
Let j(b) = b**3 - 25*b**2 - 9*b - 440. Let y be j(26). Let m be 2 - 2 - -1*2. Let s(u) = 6*u**m + 7*u + 1 + y - 4 - 5 - u**3. Give s(7).
-6
Let j(g) be the second derivative of 0*g**2 + g + 1/2*g**3 + 1/60*g**6 + 0*g**5 + 0 - 1/24*g**4. Let k(h) be the second derivative of j(h). Calculate k(-1).
5
Let a be (2/(-4))/((57/84)/(-19)). Let p(v) = -v**3 + 15*v**2 - 10*v - 49. Calculate p(a).
7
Let m(y) = 4*y**2 + 97*y + 128. Let v(d) = -d**2 - 24*d - 32. Let j(o) = 6*m(o) + 22*v(o). Calculate j(-26).
12
Let z(a) = a + 1. Let v be -4 + (7 + -1)*1. Suppose 3*p = -3*k + k + 9, -v*p - 5*k = -17. Calculate z(p).
2
Suppose 0 = 2*g - s + 6, 6096*s - 11 = 3*g + 6095*s. Let h(d) = -50*d - 261. Determine h(g).
-11
Let j(r) = 3*r**2 - 13*r - 2. Let s(k) = 5*k**2 - 14*k - 1. Suppose -27*b - 96 = -15. Let i(l) = b*j(l) + 2*s(l). Determine i(-11).
4
Let z(n) = 12*n + 1. Let a = 69 - 66. Suppose -a*k - 13*k = 16. Give z(k).
-11
Let o(i) = 2*i - 1. Let k(w) = -w**2 + 4*w - 30. Let t(n) = -k(n) + 2*o(n). Give t(0).
28
Let w(p) = 4*p**2 - 105*p - 3. Let k(d) = -4*d**2 + 53*d + 1. Let i(q) = 14*k(q) + 8*w(q). Calculate i(-4).
-2
Suppose -18*y - 3*w = -15*y - 3, -5*y + 59 = -4*w. Let d(h) = h**2 - 3*h - 29. Determine d(y).
-1
Let g(u) = -u - u**2 + 114 + 133 + u**3 + 137 - 376. Let l be (0/(-3))/(6 - 4). Determine g(l).
8
Let g be 30/8*32/24. Suppose -2*w = -n + 12, -2*w + g*n = 3*w + 30. Let o(q) = q + 8. Determine o(w).
2
Let o = -257 + 780. Let x = o - 533. Let s(t) = 3*t + 30. Determine s(x).
0
Let t(v) = -2*v + 25. Let s(o) = -10*o + 192. Let q(d) = -s(d) + 3*t(d). Determine q(31).
7
Suppose 232*q = 238*q - 12. Let i(a) = 691 - q*a**2 + 2*a - 691. Calculate i(-2).
-12
Let h(t) = -t**3 - 17*t**2 - 21*t - 694. Let o be h(-18). Let a(m) = -m + 1. Let j(k) = 2*k**2 - 23*k + 16. Let w(s) = -6*a(s) + j(s). Give w(o).
2
Suppose 26*m = 25*m - 655. Let l = m + 665. Let b(q) = -q + 3. Calculate b(l).
-7
Let l(k) = 168*k + 8. Let i(c) = 214*c + 9. Let b(t) = -4*i(t) + 5*l(t). Calculate b(1).
-12
Suppose 12*k - 14*k = 51*k + 530. Let d(j) = -2*j**3 - 19*j**2 + 11*j + 17. Calculate d(k).
7
Suppose -3*s = -31 - 2. Let x(y) be the second derivative of -y**5/20 + 5*y**4/6 + 5*y**3/3 + 7*y**2/2 + 123332*y. What is x(s)?
-4
Let g(r) = r**2 + r + 1. Let x be ((-2988)/(-24))/(2 + 26/(-12)). Let d = x - -750. Determine g(d).
13
Let z(h) = h**3 - 4*h**2 + h - 5. Suppose 430 = -4*m - 154. Let q = m + 209. Let b = 67 - q. What is z(b)?
-1
Let v(q) = -10*q**2 - q - 1. Let p(g) = g**2 - 18*g - 23. Let d be p(21). Let y = -2 - d. Let i = y - -41. Calculate v(i).
-10
Let n(j) = -62*j + 2298. Let c be n(37). Let k(g) be the third derivative of -g**2 + 15 + 0*g + 1/60*g**5 + 5/6*g**3 - 7/24*g**c. What is k(5)?
-5
Let t(i) = i + 10. Let z be t(-8). Let y(c) = -2*c**2 + 2137*c - 2135*c + 6*c**2. What is y(z)?
20
Let q(a) be the third derivative of a**8/20160 + a**7/1260 - a**6/180 + a**5/30 + 4*a**3/3 + 75*a**2. Let y(n) be the third derivative of q(n). Determine y(-6).
8
Let h be (-133)/(-4) - (-11)/(176/(-4)). Let x(n) = h + 0*n**3 + 9*n**2 - 10 - 14 + n**3 + n. Determine x(-9).
0
Let a(m) = -1 + 2*m**2 - 4*m**2 + 3*m**2. Let g(v) = 23*v + 7*v - 47*v + 6*v**2 + 26*v + 2. Let l(i) = -5*a(i) + g(i). Calculate l(-6).
-11
Let c(u) = -4*u**3 - 27*u + 36. Let w(n) = -5*n**3 - 36*n + 47. Let p(a) = 9*c(a) - 7*w(a). Calculate p(3).
-5
Let z(u) = -64*u + 121. Let m be (33/((-693)/(-14)))/((-2)/(-6)). Let s be z(m). Let w(p) = p + 11. Calculate w(s).
4
Let g(w) = -74*w + 4. Let n(t) = -18*t - 1. Let l(z) = -2*g(z) + 9*n(z). Calculate l(-5).
53
Let f(b) be the first derivative of -5*b + 5/3*b**3 - 3/2*b**2 - 192 + 1/4*b**4. Determine f(-5).
10
Let p(w) = -5*w**3 + 43*w**2 + 37*w + 20. Let y(h) = h**3 - 10*h**2 - 9*h - 5. Let o(a) = 2*p(a) + 9*y(a). Let r be o(-2). Let n(v) = -7*v + 1. Determine n(r).
-6
Let o(t) = -t**3 - 4*t**2 + 5*t + 3. Let m be o(-5). Let y(l) be the second derivative of -l**3/3 - l**2 + 2*l - 564. Determine y(m).
-8
Let o(b) be the first derivative of b**2/2 - 77. Let j = 16 - 22. Give o(j).
-6
Suppose 8*y = 164 - 92. Let j(s) = s**3 - 12*s**2 + 9*s + 8. Let o(x) = -5*x**3 + 61*x**2 - 46*x - 40. Let g(r) = -11*j(r) - 2*o(r). Give g(y).
10
Let x(a) = -a**2 - 2*a + 3. Suppose 5*j - 24*j - 608 = -494. Calculate x(j).
-21
Suppose -407 = d - 397. Let c(q) = -q + 1. Let h(s) = -5*s - 6. Let y(w) = -4*c(w) + h(w). Determine y(d).
0
Let l(p) = p**2 + 0*p + 2*p - p + 1. Let b(z) be the second derivative of 13*z**4/6 + z**3/6 + 2*z - 4. Let a(k) = b(k) - l(k). What is a(-1)?
24
Let g(z) = -9*z + 2. Suppose 7*j = -5*j + 2136. Let w = j + -180. What is g(w)?
20
Let d(n) be the second derivative of -n**6/360 + n**5/30 - 7*n**4/24 - 41*n**3/2 + 36*n. Let x(a) be the second derivative of d(a). Determine x(6).
-19
Let m(l) = 4*l**3 - 3*l**2 + 6*l + 2. Suppose 1 = -4*c - h, -4*c - h = 3*h + 16. Let v(q) = q**3 - q**2 + q. Let j(n) = c*m(n) - 5*v(n). Determine j(3).
-4
Let i(o) = 2*o**2 + 83*o - 218. Let y be i(-44). Let b(x) = -x - 1. Let s be (-1)/(-4*(-3)/24). Let p(j) = -j. Let a(h) = s*b(h) + p(h). Give a(y).
4
Let v(k) = -14*k**2 - 72*k - 3. Let f(a) = -7*a**2 - 41*a - 2. Let n(r) = -7*f(r) + 4*v(r). Let g(i) = i**2 + 3*i + 3. Let s be g(-2). What is n(s)?
-6
Let m(w) = 0 + 3*w**3 - 13 - 41*w + 16 - w**2 - 2*w**2 - 2*w**3. What is m(8)?
-5
Let c(i) be the first derivative of -2*i**3/3 + 18*i**2 + 19*i - 1068. Determine c(19).
-19
Let w(q) = 5*q + 60. Let f(r) = -r - 12. Let j(z) = -11*f(z) - 2*w(z). Let t(p) = 6*p + 58. Let y be t(-10). Let c be -3 - (y - (2 + -9)). Give j(c).
4
Suppose -69 = -23*p + 69. Let z(m) = -25*m + 146. Give z(p).
-4
Let p(q) = -4*q + 30. Let g be -2 - -1 - -20 - 14. What is p(g)?
10
Suppose -o - 5 = 0, 12*q - 13*q + 3*o + 3 = 0. Let y(u) = u**3 + 12*u**2 + 7*u + 25. Determine y(q).
-59
Let v = 28 + 13. Let m = v - 32. Let k(i) = 9 - m*i - 3 + 3 + i**2. Calculate k(6).
-9
Let q(x) = -x**2 + 36*x - 70. Let o = -104 + 138.